 g = 22 - h. What is the greatest common factor of g and 5?
5
Suppose 58*y - 2744 = -16*y + 2954. Let n(f) = -10*f**3 + f**2 - f - 1. Let w be n(-1). Calculate the greatest common factor of y and w.
11
Let k = 4 + -2. Suppose -3*c = 3*t + 6, -c + 4 = 3*c - k*t. Let p be c + 2 - (-33 + 11). What is the highest common factor of p and 8?
8
Suppose 2*o - 55 = -3*o. Let h(n) = n**3 - 27*n**2 + 93*n - 12. Let c be h(23). What is the highest common divisor of c and o?
11
Let b = -13704 + 13880. Suppose -s = -4*z - 11, s - z - 55 = -4*s. What is the highest common factor of b and s?
11
Let t(p) = 17*p + 13. Let f(z) = -17*z - 13. Let b(g) = -5*f(g) - 6*t(g). Let x be b(-4). What is the greatest common factor of 5 and x?
5
Let a = 12 + -19. Let v(t) = -t**3 - 6*t**2 + 6*t - 5. Let w be v(a). What is the highest common factor of 6 and w?
2
Let n be -4 + 17/4 - 10/8. Let g be n*(-5)/1*9. What is the highest common divisor of g and 15?
15
Suppose 23 + 22 = 5*h. Let r = 15 + h. Calculate the greatest common divisor of 96 and r.
24
Let j = -576 - -594. Calculate the greatest common divisor of 18 and j.
18
Suppose -141*j + 161*j - 400 = 0. Calculate the highest common factor of 270 and j.
10
Let p be (-1 - (-7)/(-5))*(16 - 51). Calculate the greatest common factor of p and 105.
21
Suppose 2*y - 6 - 2 = 0. Suppose 76 + 28 = y*r. Suppose 5*i = 4*p + 130, 0*p = -2*i - 2*p + 52. What is the greatest common divisor of i and r?
26
Let k be 1/((-3)/(-72))*261/36. Suppose 288 + 166 = 4*s + 5*j, 0 = -2*s - 4*j + 224. Calculate the highest common divisor of k and s.
58
Suppose -w + 184 = 5*h, 2*w - 804 = -2*w - 3*h. What is the greatest common divisor of 24 and w?
12
Let u(h) = 8*h - 98. Let y be u(13). Calculate the highest common divisor of 498 and y.
6
Suppose -t = -2*t. Suppose 0*o + 4*o = t. Let m(a) = -a**3 - a**2 + a + 8. Let y be m(o). Calculate the highest common divisor of 12 and y.
4
Suppose 0 = 4*q - 0*j - 3*j - 34, 3*j = -6. Calculate the highest common factor of 7 and q.
7
Let t = 7 + -6. Let k(m) = 6*m**2 + m. Let u be k(t). Let o be 4/14 - (-243)/u. Calculate the greatest common factor of o and 14.
7
Let n be 33/(-6) + 1/2. Let j(g) = -2*g + 2. Let t be j(n). Suppose -3*c + 5*u + 26 = 7, -27 = -4*c + 5*u. Calculate the greatest common factor of c and t.
4
Let v be (-5)/(15/(-6)) - -26. Let s = -43 + 50. What is the greatest common factor of v and s?
7
Let j = 13 - 153. Let n = 142 + j. Calculate the highest common factor of n and 2.
2
Suppose 0 = m + 2*z - 137, 4*m = z + 142 + 361. Let s = 204 - m. What is the highest common divisor of 11 and s?
11
Let n = 33 + -22. Calculate the greatest common divisor of n and 517.
11
Suppose -9*z + 408 = -13*z. Let v = -75 - z. What is the highest common factor of 297 and v?
27
Suppose -3*x - 108 = -5*d + 3*d, x - 184 = -3*d. What is the greatest common factor of 660 and d?
60
Let k(n) = 3*n**2 + 3*n - 4. Let b be -3 + 20/4*1. Let j be 8*b/4 - 8. Let h be k(j). What is the highest common divisor of 8 and h?
8
Suppose 0 = x - 3*b - 63, -3*x + 2*b + 177 = -3*b. Let m be 714/x - (-6)/(-27). Calculate the greatest common divisor of 117 and m.
13
Suppose -13*i = -4*t - 9*i + 468, -4*i = 3*t - 372. Calculate the highest common divisor of 16 and t.
8
Suppose 0 = -4*n + 2*o + 11 + 9, 4*o = -8. Let m be 3 + ((-2)/(-11))/(((-384)/(-132))/16). Calculate the highest common factor of n and m.
4
Let s = -8 - -11. Suppose s*k = -p + 2*p - 7, p + k = 3. Suppose 2*o = -p*d + 22, 2*d = 4*o - 28 - 16. Calculate the highest common factor of o and 77.
11
Let h(n) = n**3 - 8*n**2 - 5*n + 5. Let x be h(7). Let w = x - -112. Let t(v) = 6*v - 2. Let z be t(4). What is the greatest common factor of z and w?
11
Suppose 5 = 2*j - 3*j. Let n(p) = -2*p**3 - 3*p**2 + 14*p - 6. Let t be n(j). What is the highest common divisor of 11 and t?
11
Suppose 5*p = -4*b + 9, -2*p + 24*b = 23*b - 14. Calculate the greatest common factor of p and 465.
5
Let m(t) = -7*t + 6. Let s be m(0). Let b(n) = n**3 - 7*n**2 + 8*n - 6. Let f be b(s). What is the highest common factor of f and 6?
6
Let g = 6 - 2. Suppose 4*y = -o - 2, -g*o + 5*y = 14 - 111. Let j(r) = 199*r**2 + r. Let s be j(-1). Calculate the highest common divisor of o and s.
18
Suppose 0*u - 12 = 4*u. Let j be ((-8)/20)/(u/1020). Suppose 4*q - j = -5*i, i - 6*i - 9 = -q. What is the highest common factor of 319 and q?
29
Let t be (130/(-39))/(6/(-9)). Let l be (8/(-5))/(1/(-5)). Let k = -6 + l. What is the greatest common factor of t and k?
1
Suppose 8 = g - 8. Let r(a) = -a**3 - 4*a**2 - a + 64. Let t be r(0). What is the highest common divisor of t and g?
16
Suppose -6*v + 69 = -21. Suppose 2*t + 5*x + 40 = 4*t, -4*t + 70 = -5*x. What is the greatest common divisor of t and v?
15
Let k(a) = -a**2 + 24*a - 25. Let r be k(15). Calculate the highest common factor of r and 242.
22
Let u(r) = r + 40. Let j be u(-13). What is the greatest common divisor of 90 and j?
9
Suppose -17*n - z + 6044 = -13*n, -7556 = -5*n - z. What is the greatest common factor of n and 12?
12
Let r = 1428 + -731. Suppose g - 142 = 2*d, g - 6*g - 3*d = -r. Calculate the highest common factor of g and 56.
28
Let c(d) = -d + 191. Let q be c(-7). What is the highest common factor of q and 330?
66
Suppose 4*n = 73 + 7. Suppose -5*z - 35 = -5*k, -12 = -5*k + 4*z + n. Suppose -3*v + k*v = 99. What is the greatest common divisor of v and 11?
11
Suppose 0 = 32*h - 42 - 1302. What is the highest common divisor of 140 and h?
14
Let n = 6 + -3. Let l be -8*(-4)/(-16)*1*-6. Calculate the greatest common divisor of l and n.
3
Let p = 124 - 130. Let h be (p + (5 - 0))*-1. Calculate the greatest common factor of 2 and h.
1
Let k be (6*(-8)/(-4))/2. Suppose 0 = -7*p + k*p. Suppose p = -j - 3 + 15. What is the highest common divisor of 60 and j?
12
Let p = 397 + -393. Calculate the greatest common factor of 396 and p.
4
Suppose 112 = -0*i + 2*i - a, 4*i + a - 224 = 0. Let l(q) = q - 1. Let h be l(3). Suppose h*g - 24 = i. Calculate the highest common factor of g and 10.
10
Let m be ((-450)/12)/((15/(-6))/5). Calculate the greatest common divisor of 9 and m.
3
Suppose 4*a - 6*a = 0. Let h be (a + 1/(-1))/(-1). Let l be (-106)/(-6) + h/3. Calculate the greatest common factor of 54 and l.
18
Let q = 78 - 19. Let k = -9 - 20. Let o = k + q. What is the greatest common divisor of 45 and o?
15
Suppose 2*v + 3*v - 1130 = -5*r, 4*v - 939 = 3*r. Calculate the greatest common divisor of 7 and v.
7
Let u = -68 - -238. Suppose 5*a = -0*a + u. What is the greatest common factor of 34 and a?
34
Let b = 141 + -70. Suppose 25 = -c + b. What is the greatest common divisor of 184 and c?
46
Suppose -17*l = -16*l - 12. What is the greatest common divisor of l and 30?
6
Let n be (-3)/(-2) + -1 - 7475/(-50). What is the greatest common factor of n and 6?
6
Let j be (-1064)/21*(2 - 5). What is the highest common divisor of 380 and j?
76
Suppose -2*x + x + 7 = 0. Let i be ((-2 - -5) + x)*1. Suppose 0*z = -2*z + i, 130 = 5*d - 2*z. What is the highest common factor of 7 and d?
7
Let w(k) = -15*k - 27. Let y be w(-3). Calculate the highest common factor of 144 and y.
18
Let n = 372 - 276. Calculate the highest common factor of 64 and n.
32
Let l be 1363/15 + 164/1230. What is the highest common divisor of l and 63?
7
Let q = -6 + 218. Calculate the highest common divisor of 53 and q.
53
Let w(d) = d**2 - 12*d + 21. Let v be w(13). Calculate the greatest common factor of v and 119.
17
Let s = 256 - 66. Calculate the greatest common divisor of 152 and s.
38
Let q = 220 - 124. Suppose -5*r - 248 = -3*x, -2*x - r + q = -x. Calculate the greatest common divisor of 7 and x.
7
Let j(u) = -11*u + 559. Let p be j(47). What is the greatest common divisor of p and 1050?
42
Let n be 69 - (-4 + 0 + 1). Suppose -3*x = -3*d + 18, -4*x + 15 = x. What is the greatest common factor of d and n?
9
Let w = -19 + 28. Suppose -3*u = 18*j - 22*j - 192, 2*u + j = 150. Calculate the highest common divisor of u and w.
9
Let n = 593 + -285. What is the greatest common divisor of 374 and n?
22
Let p = 39 + -36. Suppose -2*j + p*o = -237, j + j - 236 = 4*o. What is the highest common divisor of 24 and j?
24
Let d(a) = -a**3 + 21*a**2 + a - 10. Let y be d(21). What is the highest common divisor o